{"id":510,"date":"2025-08-18T17:30:56","date_gmt":"2025-08-18T17:30:56","guid":{"rendered":"https:\/\/petitenroos.nl\/?page_id=510"},"modified":"2026-01-30T09:28:41","modified_gmt":"2026-01-30T09:28:41","slug":"over-mij","status":"publish","type":"page","link":"https:\/\/petitenroos.nl\/index.php\/over-mij\/","title":{"rendered":"Over mij"},"content":{"rendered":"\t\t<div data-elementor-type=\"wp-page\" data-elementor-id=\"510\" class=\"elementor elementor-510\">\n\t\t\t\t<div class=\"elementor-element elementor-element-23f3dcc e-flex e-con-boxed e-con e-parent\" data-id=\"23f3dcc\" data-element_type=\"container\">\n\t\t\t\t\t<div class=\"e-con-inner\">\n\t\t\t\t<div class=\"elementor-element elementor-element-2c7a886 elementor-widget elementor-widget-image\" data-id=\"2c7a886\" data-element_type=\"widget\" data-widget_type=\"image.default\">\n\t\t\t\t\t\t\t\t\t\t\t\t\t\t\t<img fetchpriority=\"high\" decoding=\"async\" width=\"1024\" height=\"576\" src=\"https:\/\/petitenroos.nl\/wp-content\/uploads\/2026\/01\/Petit-en-Roos-17-1024x576.png\" class=\"attachment-large size-large wp-image-856\" alt=\"\" srcset=\"https:\/\/petitenroos.nl\/wp-content\/uploads\/2026\/01\/Petit-en-Roos-17-1024x576.png 1024w, https:\/\/petitenroos.nl\/wp-content\/uploads\/2026\/01\/Petit-en-Roos-17-300x169.png 300w, https:\/\/petitenroos.nl\/wp-content\/uploads\/2026\/01\/Petit-en-Roos-17-768x432.png 768w, https:\/\/petitenroos.nl\/wp-content\/uploads\/2026\/01\/Petit-en-Roos-17-1536x864.png 1536w, https:\/\/petitenroos.nl\/wp-content\/uploads\/2026\/01\/Petit-en-Roos-17-2048x1151.png 2048w, https:\/\/petitenroos.nl\/wp-content\/uploads\/2026\/01\/Petit-en-Roos-17-600x337.png 600w\" sizes=\"(max-width: 1024px) 100vw, 1024px\" \/>\t\t\t\t\t\t\t\t\t\t\t\t\t\t\t<\/div>\n\t\t\t\t\t<\/div>\n\t\t\t\t<\/div>\n\t\t<div class=\"elementor-element elementor-element-7bb42b8 e-flex e-con-boxed e-con e-parent\" data-id=\"7bb42b8\" data-element_type=\"container\" data-settings=\"{&quot;background_background&quot;:&quot;classic&quot;,&quot;shape_divider_bottom&quot;:&quot;curve&quot;,&quot;shape_divider_bottom_negative&quot;:&quot;yes&quot;}\">\n\t\t\t\t\t<div class=\"e-con-inner\">\n\t\t\t\t<div class=\"elementor-shape elementor-shape-bottom\" aria-hidden=\"true\" data-negative=\"true\">\n\t\t\t<svg xmlns=\"http:\/\/www.w3.org\/2000\/svg\" viewBox=\"0 0 1000 100\" preserveAspectRatio=\"none\">\n\t<path class=\"elementor-shape-fill\" d=\"M500,97C126.7,96.3,0.8,19.8,0,0v100l1000,0V1C1000,19.4,873.3,97.8,500,97z\"\/>\n<\/svg>\t\t<\/div>\n\t\t\t\t<div class=\"elementor-element elementor-element-b82dfce elementor-widget elementor-widget-spacer\" data-id=\"b82dfce\" data-element_type=\"widget\" data-widget_type=\"spacer.default\">\n\t\t\t\t\t\t\t<div class=\"elementor-spacer\">\n\t\t\t<div class=\"elementor-spacer-inner\"><\/div>\n\t\t<\/div>\n\t\t\t\t\t\t<\/div>\n\t\t\t\t\t<\/div>\n\t\t\t\t<\/div>\n\t\t<div class=\"elementor-element elementor-element-8786acf e-flex e-con-boxed e-con e-parent\" data-id=\"8786acf\" data-element_type=\"container\" data-settings=\"{&quot;background_background&quot;:&quot;classic&quot;}\">\n\t\t\t\t\t<div class=\"e-con-inner\">\n\t\t<div class=\"elementor-element elementor-element-7655fdb e-con-full e-flex e-con e-child\" data-id=\"7655fdb\" data-element_type=\"container\">\n\t\t\t\t<div class=\"elementor-element elementor-element-15f6a06 elementor-widget elementor-widget-heading\" data-id=\"15f6a06\" data-element_type=\"widget\" data-widget_type=\"heading.default\">\n\t\t\t\t\t<h2 class=\"elementor-heading-title elementor-size-default\">Over mij<\/h2>\t\t\t\t<\/div>\n\t\t\t\t<div class=\"elementor-element elementor-element-aea8262 elementor-widget elementor-widget-text-editor\" data-id=\"aea8262\" data-element_type=\"widget\" data-widget_type=\"text-editor.default\">\n\t\t\t\t\t\t\t\t\t<p><span style=\"font-weight: 400;\">Al meer dan 20 jaar houd ik me bezig met opgroeien, ontwikkeling en bewust ouderschap, met speciale aandacht voor de unieke relatie tussen ouder en kind.<\/span><\/p><p><span style=\"font-weight: 400;\">Altijd met een positieve kijk en een focus op wat er al w\u00e9l goed gaat, bied ik ondersteuning bij vragen over opvoeden, opgroeien en jouw moederschap.<\/span><\/p><p><span style=\"font-weight: 400;\">Na jarenlange ervaring in speciaal onderwijs en specialistische jeugdzorg, is het nu tijd voor Petit &amp; Roos mijn hart, mijn plek. Daar breng ik al mijn kennis, ervaring en warmte samen om ouders en kinderen te ondersteunen op een manier die bij hen past.<\/span><\/p><p><span style=\"font-weight: 400;\">Ik ben een echte jongensmoeder, met twee pubers die me elke dag opnieuw inspireren. Als ik niet bezig ben met jongensdingen vind je me dansend, aan zee of in de keuken.<\/span><\/p><p><span style=\"font-weight: 400;\">Als moeder van twee pubers ben ik ook ervaringsdeskundig. Oa op het gebied van ontwikkelingsvoorsprong, hoogbegaafdheid, hoogsensitiviteit, prikkelverwerking,\u00a0 verschillende vormen van onderwijs en hoe (chronische) ziekte binnen een gezin het ouderschap kunnen be\u00efnvloeden. Dat geeft me extra gevoel voor wat ouders nodig hebben en hoe je hen praktisch en empathisch kunt ondersteunen.<\/span><\/p><p><span style=\"font-weight: 400;\">Door de jaren heen heb ik mij gespecialiseerd in verschillende werkvormen en heb ik verschillende opleidingen\/ trainingen afgerond. Altijd gericht op verbinding, die ouders en kinderen ondersteunen. Ik ben SKJ geregistreerd.<\/span><\/p>\t\t\t\t\t\t\t\t<\/div>\n\t\t\t\t<\/div>\n\t\t<div class=\"elementor-element elementor-element-d2147a4 e-con-full e-flex e-con e-child\" data-id=\"d2147a4\" data-element_type=\"container\">\n\t\t\t\t<div class=\"elementor-element elementor-element-3fc29dd elementor-widget elementor-widget-image\" data-id=\"3fc29dd\" data-element_type=\"widget\" data-widget_type=\"image.default\">\n\t\t\t\t\t\t\t\t\t\t\t\t\t\t\t<img decoding=\"async\" width=\"683\" height=\"1024\" src=\"https:\/\/petitenroos.nl\/wp-content\/uploads\/2026\/01\/WhatsApp-Image-2026-01-19-at-15.50.17-683x1024.jpeg\" class=\"attachment-large size-large wp-image-853\" alt=\"\" srcset=\"https:\/\/petitenroos.nl\/wp-content\/uploads\/2026\/01\/WhatsApp-Image-2026-01-19-at-15.50.17-683x1024.jpeg 683w, https:\/\/petitenroos.nl\/wp-content\/uploads\/2026\/01\/WhatsApp-Image-2026-01-19-at-15.50.17-200x300.jpeg 200w, https:\/\/petitenroos.nl\/wp-content\/uploads\/2026\/01\/WhatsApp-Image-2026-01-19-at-15.50.17-768x1152.jpeg 768w, https:\/\/petitenroos.nl\/wp-content\/uploads\/2026\/01\/WhatsApp-Image-2026-01-19-at-15.50.17-1024x1536.jpeg 1024w, https:\/\/petitenroos.nl\/wp-content\/uploads\/2026\/01\/WhatsApp-Image-2026-01-19-at-15.50.17-600x900.jpeg 600w, https:\/\/petitenroos.nl\/wp-content\/uploads\/2026\/01\/WhatsApp-Image-2026-01-19-at-15.50.17.jpeg 1365w\" sizes=\"(max-width: 683px) 100vw, 683px\" \/>\t\t\t\t\t\t\t\t\t\t\t\t\t\t\t<\/div>\n\t\t\t\t<\/div>\n\t\t\t\t\t<\/div>\n\t\t\t\t<\/div>\n\t\t<div class=\"elementor-element elementor-element-20509b9 e-flex e-con-boxed e-con e-parent\" data-id=\"20509b9\" data-element_type=\"container\" data-settings=\"{&quot;background_background&quot;:&quot;classic&quot;}\">\n\t\t\t\t\t<div class=\"e-con-inner\">\n\t\t\t\t<div class=\"elementor-element elementor-element-d34ab6f elementor-widget elementor-widget-text-editor\" data-id=\"d34ab6f\" data-element_type=\"widget\" data-widget_type=\"text-editor.default\">\n\t\t\t\t\t\t\t\t\t<p><span style=\"font-weight: 400;\">Ik geloof dat opvoeden niet draait om perfectie, maar om verdragen, vertragen, verzachten, vertrouwen en steeds opnieuw verbinden met jezelf \u00e9n je kind.\u00a0 <\/span><span style=\"font-weight: 400;\">Wanneer jij de ruimte krijgt om te bloeien en te groeien, doet je gezin dat met je mee. <br \/><\/span><span style=\"font-weight: 400;\">Bij Petit &amp; Roos kom ik thuis bij gezinnen, spreek ouders \u00e9\u00e9n-op-\u00e9\u00e9n, breng ouders samen of schuif aan als externe binnen organisaties en instellingen.<\/span><\/p><p><span style=\"font-weight: 400;\">Altijd op maat. Altijd met oog voor opgroeien, opvoeden en moederschap. D\u00e1\u00e1r ligt mijn hart.\u00a0<br \/><\/span><span style=\"font-weight: 400;\">Bewust ouderschap begint bij jou.\u00a0<br \/><\/span><span style=\"font-weight: 400;\">Heb je vragen over mijn achtergrond, ervaring of wil je starten of samenwerken? Neem gerust contact op, ik vertel je er graag meer over.<\/span><\/p><p><span style=\"font-weight: 400;\">Groot worden begint klein.<\/span><\/p><p><span style=\"font-weight: 400;\">Je bent welkom!<\/span><\/p><p><span style=\"font-weight: 400;\">Roos Marieke<\/span><\/p>\t\t\t\t\t\t\t\t<\/div>\n\t\t\t\t<div class=\"elementor-element elementor-element-e4004b1 elementor-view-default elementor-widget elementor-widget-icon\" data-id=\"e4004b1\" data-element_type=\"widget\" data-widget_type=\"icon.default\">\n\t\t\t\t\t\t\t<div class=\"elementor-icon-wrapper\">\n\t\t\t<a class=\"elementor-icon\" href=\"https:\/\/wa.me\/31642227476\">\n\t\t\t<svg aria-hidden=\"true\" class=\"e-font-icon-svg e-fab-whatsapp\" viewBox=\"0 0 448 512\" xmlns=\"http:\/\/www.w3.org\/2000\/svg\"><path d=\"M380.9 97.1C339 55.1 283.2 32 223.9 32c-122.4 0-222 99.6-222 222 0 39.1 10.2 77.3 29.6 111L0 480l117.7-30.9c32.4 17.7 68.9 27 106.1 27h.1c122.3 0 224.1-99.6 224.1-222 0-59.3-25.2-115-67.1-157zm-157 341.6c-33.2 0-65.7-8.9-94-25.7l-6.7-4-69.8 18.3L72 359.2l-4.4-7c-18.5-29.4-28.2-63.3-28.2-98.2 0-101.7 82.8-184.5 184.6-184.5 49.3 0 95.6 19.2 130.4 54.1 34.8 34.9 56.2 81.2 56.1 130.5 0 101.8-84.9 184.6-186.6 184.6zm101.2-138.2c-5.5-2.8-32.8-16.2-37.9-18-5.1-1.9-8.8-2.8-12.5 2.8-3.7 5.6-14.3 18-17.6 21.8-3.2 3.7-6.5 4.2-12 1.4-32.6-16.3-54-29.1-75.5-66-5.7-9.8 5.7-9.1 16.3-30.3 1.8-3.7.9-6.9-.5-9.7-1.4-2.8-12.5-30.1-17.1-41.2-4.5-10.8-9.1-9.3-12.5-9.5-3.2-.2-6.9-.2-10.6-.2-3.7 0-9.7 1.4-14.8 6.9-5.1 5.6-19.4 19-19.4 46.3 0 27.3 19.9 53.7 22.6 57.4 2.8 3.7 39.1 59.7 94.8 83.8 35.2 15.2 49 16.5 66.6 13.9 10.7-1.6 32.8-13.4 37.4-26.4 4.6-13 4.6-24.1 3.2-26.4-1.3-2.5-5-3.9-10.5-6.6z\"><\/path><\/svg>\t\t\t<\/a>\n\t\t<\/div>\n\t\t\t\t\t\t<\/div>\n\t\t\t\t\t<\/div>\n\t\t\t\t<\/div>\n\t\t\t\t<\/div>\n\t\t","protected":false},"excerpt":{"rendered":"<p>Over mij Al meer dan 20 jaar houd ik me bezig met opgroeien, ontwikkeling en bewust ouderschap, met speciale aandacht [&hellip;]<\/p>\n","protected":false},"author":1,"featured_media":0,"parent":0,"menu_order":0,"comment_status":"closed","ping_status":"closed","template":"","meta":{"site-sidebar-layout":"no-sidebar","site-content-layout":"","ast-site-content-layout":"full-width-container","site-content-style":"default","site-sidebar-style":"default","ast-global-header-display":"","ast-banner-title-visibility":"","ast-main-header-display":"","ast-hfb-above-header-display":"","ast-hfb-below-header-display":"","ast-hfb-mobile-header-display":"","site-post-title":"disabled","ast-breadcrumbs-content":"","ast-featured-img":"disabled","footer-sml-layout":"","theme-transparent-header-meta":"","adv-header-id-meta":"","stick-header-meta":"","header-above-stick-meta":"","header-main-stick-meta":"","header-below-stick-meta":"","astra-migrate-meta-layouts":"default","ast-page-background-enabled":"default","ast-page-background-meta":{"desktop":{"background-color":"var(--ast-global-color-5)","background-image":"","background-repeat":"repeat","background-position":"center center","background-size":"auto","background-attachment":"scroll","background-type":"","background-media":"","overlay-type":"","overlay-color":"","overlay-opacity":"","overlay-gradient":""},"tablet":{"background-color":"","background-image":"","background-repeat":"repeat","background-position":"center center","background-size":"auto","background-attachment":"scroll","background-type":"","background-media":"","overlay-type":"","overlay-color":"","overlay-opacity":"","overlay-gradient":""},"mobile":{"background-color":"","background-image":"","background-repeat":"repeat","background-position":"center center","background-size":"auto","background-attachment":"scroll","background-type":"","background-media":"","overlay-type":"","overlay-color":"","overlay-opacity":"","overlay-gradient":""}},"ast-content-background-meta":{"desktop":{"background-color":"var(--ast-global-color-4)","background-image":"","background-repeat":"repeat","background-position":"center center","background-size":"auto","background-attachment":"scroll","background-type":"","background-media":"","overlay-type":"","overlay-color":"","overlay-opacity":"","overlay-gradient":""},"tablet":{"background-color":"var(--ast-global-color-4)","background-image":"","background-repeat":"repeat","background-position":"center center","background-size":"auto","background-attachment":"scroll","background-type":"","background-media":"","overlay-type":"","overlay-color":"","overlay-opacity":"","overlay-gradient":""},"mobile":{"background-color":"var(--ast-global-color-4)","background-image":"","background-repeat":"repeat","background-position":"center center","background-size":"auto","background-attachment":"scroll","background-type":"","background-media":"","overlay-type":"","overlay-color":"","overlay-opacity":"","overlay-gradient":""}},"footnotes":""},"class_list":["post-510","page","type-page","status-publish","hentry"],"yoast_head":"<!-- This site is optimized with the Yoast SEO plugin v25.6 - https:\/\/yoast.com\/wordpress\/plugins\/seo\/ -->\n<title>Roos Marieke \u2013 Ervaren pedagoog en oudercoach<\/title>\n<meta name=\"description\" content=\"\u201cRoos Marieke ondersteunt ouders en kinderen met 20+ jaar ervaring in opvoeding, speciaal onderwijs en jeugdzorg\" \/>\n<meta name=\"robots\" content=\"index, follow, max-snippet:-1, max-image-preview:large, max-video-preview:-1\" \/>\n<link rel=\"canonical\" href=\"https:\/\/petitenroos.nl\/index.php\/over-mij\/\" \/>\n<meta property=\"og:locale\" content=\"nl_NL\" \/>\n<meta property=\"og:type\" content=\"article\" \/>\n<meta property=\"og:title\" content=\"Neem contact op \u2013 Petit &amp; Roos\" \/>\n<meta property=\"og:description\" content=\"Stuur een bericht of plan een kennismaking. Ontdek hoe je met persoonlijke begeleiding meer rust en verbinding cre\u00ebert.\" \/>\n<meta property=\"og:url\" content=\"https:\/\/petitenroos.nl\/index.php\/over-mij\/\" \/>\n<meta property=\"article:modified_time\" content=\"2026-01-30T09:28:41+00:00\" \/>\n<meta property=\"og:image\" content=\"https:\/\/petitenroos.nl\/wp-content\/uploads\/2026\/01\/WhatsApp-Image-2026-01-19-at-15.48.21.jpeg\" \/>\n\t<meta property=\"og:image:width\" content=\"1366\" \/>\n\t<meta property=\"og:image:height\" content=\"2048\" \/>\n\t<meta property=\"og:image:type\" content=\"image\/jpeg\" \/>\n<meta name=\"twitter:card\" content=\"summary_large_image\" \/>\n<meta name=\"twitter:label1\" content=\"Geschatte leestijd\" \/>\n\t<meta name=\"twitter:data1\" content=\"3 minuten\" \/>\n<script type=\"application\/ld+json\" class=\"yoast-schema-graph\">{\"@context\":\"https:\/\/schema.org\",\"@graph\":[{\"@type\":\"WebPage\",\"@id\":\"https:\/\/petitenroos.nl\/index.php\/over-mij\/\",\"url\":\"https:\/\/petitenroos.nl\/index.php\/over-mij\/\",\"name\":\"Roos Marieke \u2013 Ervaren pedagoog en oudercoach\",\"isPartOf\":{\"@id\":\"https:\/\/petitenroos.nl\/#website\"},\"primaryImageOfPage\":{\"@id\":\"https:\/\/petitenroos.nl\/index.php\/over-mij\/#primaryimage\"},\"image\":{\"@id\":\"https:\/\/petitenroos.nl\/index.php\/over-mij\/#primaryimage\"},\"thumbnailUrl\":\"https:\/\/petitenroos.nl\/wp-content\/uploads\/2026\/01\/Petit-en-Roos-17-1024x576.png\",\"datePublished\":\"2025-08-18T17:30:56+00:00\",\"dateModified\":\"2026-01-30T09:28:41+00:00\",\"description\":\"\u201cRoos Marieke ondersteunt ouders en kinderen met 20+ jaar ervaring in opvoeding, speciaal onderwijs en jeugdzorg\",\"breadcrumb\":{\"@id\":\"https:\/\/petitenroos.nl\/index.php\/over-mij\/#breadcrumb\"},\"inLanguage\":\"nl-NL\",\"potentialAction\":[{\"@type\":\"ReadAction\",\"target\":[\"https:\/\/petitenroos.nl\/index.php\/over-mij\/\"]}]},{\"@type\":\"ImageObject\",\"inLanguage\":\"nl-NL\",\"@id\":\"https:\/\/petitenroos.nl\/index.php\/over-mij\/#primaryimage\",\"url\":\"https:\/\/petitenroos.nl\/wp-content\/uploads\/2026\/01\/Petit-en-Roos-17-scaled.png\",\"contentUrl\":\"https:\/\/petitenroos.nl\/wp-content\/uploads\/2026\/01\/Petit-en-Roos-17-scaled.png\",\"width\":2560,\"height\":1439},{\"@type\":\"BreadcrumbList\",\"@id\":\"https:\/\/petitenroos.nl\/index.php\/over-mij\/#breadcrumb\",\"itemListElement\":[{\"@type\":\"ListItem\",\"position\":1,\"name\":\"Home\",\"item\":\"https:\/\/petitenroos.nl\/\"},{\"@type\":\"ListItem\",\"position\":2,\"name\":\"Over mij\"}]},{\"@type\":\"WebSite\",\"@id\":\"https:\/\/petitenroos.nl\/#website\",\"url\":\"https:\/\/petitenroos.nl\/\",\"name\":\"\",\"description\":\"\",\"potentialAction\":[{\"@type\":\"SearchAction\",\"target\":{\"@type\":\"EntryPoint\",\"urlTemplate\":\"https:\/\/petitenroos.nl\/?s={search_term_string}\"},\"query-input\":{\"@type\":\"PropertyValueSpecification\",\"valueRequired\":true,\"valueName\":\"search_term_string\"}}],\"inLanguage\":\"nl-NL\"}]}<\/script>\n<!-- \/ Yoast SEO plugin. -->","yoast_head_json":{"title":"Roos Marieke \u2013 Ervaren pedagoog en oudercoach","description":"\u201cRoos Marieke ondersteunt ouders en kinderen met 20+ jaar ervaring in opvoeding, speciaal onderwijs en jeugdzorg","robots":{"index":"index","follow":"follow","max-snippet":"max-snippet:-1","max-image-preview":"max-image-preview:large","max-video-preview":"max-video-preview:-1"},"canonical":"https:\/\/petitenroos.nl\/index.php\/over-mij\/","og_locale":"nl_NL","og_type":"article","og_title":"Neem contact op \u2013 Petit & Roos","og_description":"Stuur een bericht of plan een kennismaking. Ontdek hoe je met persoonlijke begeleiding meer rust en verbinding cre\u00ebert.","og_url":"https:\/\/petitenroos.nl\/index.php\/over-mij\/","article_modified_time":"2026-01-30T09:28:41+00:00","og_image":[{"width":1366,"height":2048,"url":"https:\/\/petitenroos.nl\/wp-content\/uploads\/2026\/01\/WhatsApp-Image-2026-01-19-at-15.48.21.jpeg","type":"image\/jpeg"}],"twitter_card":"summary_large_image","twitter_misc":{"Geschatte leestijd":"3 minuten"},"schema":{"@context":"https:\/\/schema.org","@graph":[{"@type":"WebPage","@id":"https:\/\/petitenroos.nl\/index.php\/over-mij\/","url":"https:\/\/petitenroos.nl\/index.php\/over-mij\/","name":"Roos Marieke \u2013 Ervaren pedagoog en oudercoach","isPartOf":{"@id":"https:\/\/petitenroos.nl\/#website"},"primaryImageOfPage":{"@id":"https:\/\/petitenroos.nl\/index.php\/over-mij\/#primaryimage"},"image":{"@id":"https:\/\/petitenroos.nl\/index.php\/over-mij\/#primaryimage"},"thumbnailUrl":"https:\/\/petitenroos.nl\/wp-content\/uploads\/2026\/01\/Petit-en-Roos-17-1024x576.png","datePublished":"2025-08-18T17:30:56+00:00","dateModified":"2026-01-30T09:28:41+00:00","description":"\u201cRoos Marieke ondersteunt ouders en kinderen met 20+ jaar ervaring in opvoeding, speciaal onderwijs en jeugdzorg","breadcrumb":{"@id":"https:\/\/petitenroos.nl\/index.php\/over-mij\/#breadcrumb"},"inLanguage":"nl-NL","potentialAction":[{"@type":"ReadAction","target":["https:\/\/petitenroos.nl\/index.php\/over-mij\/"]}]},{"@type":"ImageObject","inLanguage":"nl-NL","@id":"https:\/\/petitenroos.nl\/index.php\/over-mij\/#primaryimage","url":"https:\/\/petitenroos.nl\/wp-content\/uploads\/2026\/01\/Petit-en-Roos-17-scaled.png","contentUrl":"https:\/\/petitenroos.nl\/wp-content\/uploads\/2026\/01\/Petit-en-Roos-17-scaled.png","width":2560,"height":1439},{"@type":"BreadcrumbList","@id":"https:\/\/petitenroos.nl\/index.php\/over-mij\/#breadcrumb","itemListElement":[{"@type":"ListItem","position":1,"name":"Home","item":"https:\/\/petitenroos.nl\/"},{"@type":"ListItem","position":2,"name":"Over mij"}]},{"@type":"WebSite","@id":"https:\/\/petitenroos.nl\/#website","url":"https:\/\/petitenroos.nl\/","name":"","description":"","potentialAction":[{"@type":"SearchAction","target":{"@type":"EntryPoint","urlTemplate":"https:\/\/petitenroos.nl\/?s={search_term_string}"},"query-input":{"@type":"PropertyValueSpecification","valueRequired":true,"valueName":"search_term_string"}}],"inLanguage":"nl-NL"}]}},"_links":{"self":[{"href":"https:\/\/petitenroos.nl\/index.php\/wp-json\/wp\/v2\/pages\/510","targetHints":{"allow":["GET"]}}],"collection":[{"href":"https:\/\/petitenroos.nl\/index.php\/wp-json\/wp\/v2\/pages"}],"about":[{"href":"https:\/\/petitenroos.nl\/index.php\/wp-json\/wp\/v2\/types\/page"}],"author":[{"embeddable":true,"href":"https:\/\/petitenroos.nl\/index.php\/wp-json\/wp\/v2\/users\/1"}],"replies":[{"embeddable":true,"href":"https:\/\/petitenroos.nl\/index.php\/wp-json\/wp\/v2\/comments?post=510"}],"version-history":[{"count":19,"href":"https:\/\/petitenroos.nl\/index.php\/wp-json\/wp\/v2\/pages\/510\/revisions"}],"predecessor-version":[{"id":991,"href":"https:\/\/petitenroos.nl\/index.php\/wp-json\/wp\/v2\/pages\/510\/revisions\/991"}],"wp:attachment":[{"href":"https:\/\/petitenroos.nl\/index.php\/wp-json\/wp\/v2\/media?parent=510"}],"curies":[{"name":"wp","href":"https:\/\/api.w.org\/{rel}","templated":true}]}}